20 = -5*i. Suppose 5*o = 64 + 46. What is the highest common factor of i and o?
22
Let q = -124 - -146. What is the greatest common factor of q and 33?
11
Let s(f) = 15*f + 7. Let y be s(7). What is the greatest common divisor of y and 14?
14
Let g(t) = 7*t**2 - 13*t + 6. Let a(k) = -6*k**2 + 12*k - 7. Let u(n) = -6*a(n) - 5*g(n). Let m be u(6). Calculate the highest common factor of m and 9.
3
Let n be 0/((-12)/(-4)) + 2. Suppose 0*l = 5*l + 25. Let y = 1 - l. What is the greatest common factor of y and n?
2
Let r(h) be the third derivative of h**5/60 - 5*h**4/12 + 4*h**3/3 + 7*h**2. Let a be r(10). Calculate the greatest common factor of 2 and a.
2
Let i = 39 - 66. Let a = i - -38. Calculate the greatest common divisor of 11 and a.
11
Let r be 16*1 + 3/(-3). Suppose -r = -2*t + 15. What is the greatest common factor of 10 and t?
5
Let f be ((-4)/(-6))/(2/39). Let o = f - 9. What is the highest common divisor of o and 4?
4
Let a be 2/(-5) - (-2)/5. Let x be a/(2 + -4 + 3). Suppose 5*u = -x*u + 340. What is the greatest common divisor of 17 and u?
17
Suppose 0 = -5*z - 2*h + 49 + 24, 3*z = -4*h + 55. Calculate the greatest common factor of 65 and z.
13
Suppose -5*z + 110 = 3*n - 10*z, 4*n - 136 = -4*z. Suppose -c + n = -5*w, 4*w - 42 = -5*c - 12. What is the greatest common divisor of 2 and c?
2
Suppose -3*k + 714 = 3*j, -230 = -j - 0*k - 3*k. Let h = 124 - 102. Calculate the greatest common factor of h and j.
22
Let w(o) be the first derivative of o**2 + 8*o + 5. Let c be w(8). Let g = 6 + -3. What is the highest common factor of c and g?
3
Suppose 3 - 38 = -7*z. What is the greatest common factor of 10 and z?
5
Let c be (-2)/11 + 422/22. What is the highest common factor of 133 and c?
19
Suppose 2*b - 6 - 6 = 0. Let s(r) = -r**3 + 6*r**2 + 5*r - 3. Let y be s(b). Let m = -22 + 40. What is the greatest common divisor of m and y?
9
Suppose -c - 33 = -4*c. Let w(x) = 4 - c*x + x**2 + x**2 + 0*x**2. Let j be w(8). What is the highest common factor of 11 and j?
11
Suppose -2*k + k + 3 = 0. Suppose -k*z = z - 56. Calculate the highest common divisor of 7 and z.
7
Suppose 0*l + 2018 = 2*l. Suppose 0 = -4*i - 305 + l. What is the highest common factor of i and 16?
16
Let c(v) = -10*v + 2. Let h be c(-7). Suppose g = -3*a - 2*g + h, 29 = a + 2*g. Let t be 3/12 + a/4. What is the highest common factor of 25 and t?
5
Let i(u) = 2*u**2 + 4*u - 2. Suppose -8 = 5*d + 12. Let y be i(d). What is the greatest common divisor of 7 and y?
7
Let z(f) = -f**2 - 4 - 10 - 7*f + 14. Let b be z(-6). Let k be (-161)/(-3) + 1/3. Calculate the highest common factor of b and k.
6
Suppose 3*f + 128 = 7*f. Calculate the highest common divisor of f and 48.
16
Let z = -23 + 34. Let a = z - 8. Let n = 15 - 9. What is the highest common factor of n and a?
3
Let n = 16 - 12. What is the highest common factor of 6 and n?
2
Let o be (2 - -38) + (4 - 1). Let w = o - 18. What is the greatest common divisor of 100 and w?
25
Let w(v) = 9*v**2 + 2*v - 4. Let i be w(-4). What is the greatest common divisor of i and 12?
12
Let l(t) = 4*t**2 + 5*t + 4. Let i be l(-4). Suppose -2*y - i = -4*y. Let h = -4 - -8. What is the greatest common divisor of y and h?
4
Let x(i) = 9 + 0*i**3 + 0*i + i - 2 - i**3 - 5*i**2. Let v be x(-5). Let w be v + ((-6)/2 - -7). Calculate the greatest common divisor of 18 and w.
6
Let r = 31 + -4. Calculate the highest common factor of r and 3.
3
Suppose 5*j = -6*m + 3*m + 157, -5*m + 272 = -2*j. What is the greatest common factor of 6 and m?
6
Let v = -88 + 133. Suppose -5*z - 5*n + v = 0, -3*n = 2*z - z - 3. Calculate the highest common factor of 8 and z.
4
Let s be (-12)/(-8) + (-1)/2. Let o be s/((-6)/110)*-3. Let h be (66/(-9))/((-1)/3). Calculate the greatest common factor of h and o.
11
Suppose -4*x + 208 = -8. Suppose -4*h + 3*o + 96 = 0, -x = -5*h + 3*h + 3*o. What is the greatest common divisor of 231 and h?
21
Let x(s) = s**3 - 8*s**2 + s - 6. Let a be x(8). Suppose -3*c - 4*z - 2 = 0, -2*c = c + 2*z - a. What is the highest common factor of c and 5?
1
Suppose -4*f = 2*j - 22, 2*j - 2*f - 2*f = 6. Let c = 1 + -2. Let x be (c - 0) + (-64)/(-1). What is the greatest common divisor of x and j?
7
Let r be 1/((-1)/(-9))*7. Let n(z) = z**3 + 7*z**2 - 2*z - 7. Let f be n(-7). What is the highest common divisor of r and f?
7
Suppose 2*w + w + 2*a = 62, -w + a = -24. Suppose -2*n = -0*n, 2*d + 5*n = w. What is the highest common divisor of d and 44?
11
Suppose -2*y + 4*y - 40 = 0. Let w(z) = z**3 + 10*z**2 - 4*z + 5. Let b be w(-7). Calculate the highest common factor of y and b.
20
Suppose d + 10 = -5*a, 5*a = 5*d + 2*a - 90. What is the highest common divisor of d and 15?
15
Suppose 45*s = 47*s - 8. Calculate the highest common divisor of s and 28.
4
Let k(x) = -x**2 + 6*x + 4. Let d be k(4). Suppose -329 = -8*w + 439. What is the highest common divisor of d and w?
12
Let d(u) = 3*u + 29. Let y(g) = 4*g + 30. Let h(j) = 5*d(j) - 4*y(j). Let f be h(15). Calculate the greatest common divisor of f and 4.
2
Suppose -5*a = -1 - 14. Suppose -a*v + 13 + 2 = 0. Let r(p) = p**3 + 16*p**2 - 17*p + 2. Let h be r(-17). What is the highest common factor of v and h?
1
Let c(i) = i**2 + 5*i - 10. Let f(z) = z**3 + z**2 - 3*z - 1. Let h be f(-3). Let x be c(h). What is the greatest common divisor of 8 and x?
8
Let n(g) = -10*g + 1. Let i be n(-2). Let z(t) = 5*t**2 - 3*t. Let c be z(2). Calculate the greatest common factor of i and c.
7
Let n = -35 - -105. Calculate the greatest common divisor of n and 14.
14
Let z be (-25 - (3 - 2))*-2. What is the greatest common divisor of 78 and z?
26
Let a be 31/(-2 - -3) - 1. Let h = -97 - -172. Calculate the greatest common divisor of a and h.
15
Let v be ((-6)/5)/(2/(-30)). Let m be (-1 + -1)/(4/(-382)). Suppose -5*x = -m - 529. What is the highest common factor of v and x?
18
Suppose -9 - 16 = 5*z. Let i(b) = b**2 + 4*b + 5. Let t be i(z). Suppose 0 = -14*a + 168 - 28. What is the greatest common factor of t and a?
10
Let f = 12 + -20. Let j be (12/f)/((-1)/2). What is the greatest common divisor of 24 and j?
3
Suppose -8*j = -10*j + 2. What is the highest common factor of 8 and j?
1
Suppose 0 = -p + m + 1, 7 = 3*p - 2*p + 2*m. Suppose -4*j - 3*n - 4 = 0, -p*j + 14 = n - 3*n. Let i = 25 + -17. Calculate the highest common divisor of i and j.
2
Suppose 52 = -3*f + 7*f. Calculate the highest common divisor of f and 65.
13
Let f = 189 - 45. Suppose -5*o + 32 + 103 = 5*l, -5*o + 4*l + f = 0. Let c be 5 - ((-2)/(-1) + -4). Calculate the greatest common divisor of o and c.
7
Let d(r) = r + 25. Let g be d(-22). Calculate the highest common factor of g and 6.
3
Let t(q) = 35*q + 40. Let w be t(4). What is the highest common factor of w and 12?
12
Let n = -7 + 28. Calculate the greatest common divisor of n and 14.
7
Let y(m) = m**2 + 57. Let b = 0 + 0. Let q be y(b). Let n(d) = -d**2 - 25*d + 302. Let s be n(-33). What is the greatest common divisor of s and q?
19
Let w = 48 + 7. Calculate the greatest common factor of w and 11.
11
Suppose -7 = 3*h + 2*v + 1, 2*h - 5*v = 1. Let l = h - -2. Let s be -2 - l - (-72 - 0). What is the highest common divisor of s and 10?
10
Suppose -4*y = -5*a - 80, -5*a = -5*y - a + 109. Let z = 2 - 0. Suppose 2*v - v + 4*s = 25, 3*v = z*s + 5. Calculate the greatest common divisor of y and v.
5
Let w be -3 - (4 + 4 + -24). What is the highest common factor of w and 26?
13
Let u be 1/(((-2)/5930)/(-1)). Let s be 2/6 + u/15. Calculate the greatest common factor of s and 18.
18
Suppose 2*g + 80 = 3*g. Suppose q - 5*q = 0. Suppose 2*r + 0*s - 30 = 2*s, q = -5*s - 25. What is the greatest common divisor of r and g?
10
Suppose -3*c + 32 = 4*b, -4*b + 4*c + c = 0. Calculate the highest common factor of b and 10.
5
Let a be -1 - (-86 - -2)/(-1). Let m = 120 - a. Let i be 2/(-6) - m/(-3). Calculate the highest common divisor of 17 and i.
17
Suppose 5*c - 10 = -3*j + 1, 4*c = -20. Calculate the greatest common divisor of 4 and j.
4
Let j = 1495 + -962. Suppose 4*i - j = -5*q, -445 = -4*q + 4*i - i. Suppose r + 1 = -2, 3*r = 4*t - q. What is the highest common factor of 10 and t?
5
Let s = 19 + -3. What is the highest common divisor of s and 8?
8
Let w be (-6 + 5)/((-1)/5). Suppose c + 2*c = 0, -w*c = -d + 2. Let x be